 be 3 + -4 - (g - -1). Suppose 7*v - 4 = r*v. List the prime factors of v.
2
Suppose 0 = -4*z - 5*d + 644, -3*z + 128 = 5*d - 360. Let y = z - 84. What are the prime factors of y?
2, 3
Let n(f) = -7*f + 6. Let u be n(-8). Let b = 6 + u. List the prime factors of b.
2, 17
Suppose -p = -0*p - z - 1, 0 = p + 5*z - 1. Suppose 28 = n + p. What are the prime factors of n?
3
Let v(g) = g**3 + g - 1. Let h(u) = 3*u**3 + 8*u**2 + 12*u - 12. Let a(r) = h(r) - 4*v(r). What are the prime factors of a(4)?
2, 11
Let f be 41/3 - ((-10)/15)/(-1). Suppose 0 = -3*i + f*i - 1340. List the prime factors of i.
2, 67
Let w(z) = 52*z - 6. Let n = -38 - -40. List the prime factors of w(n).
2, 7
Suppose -3*b + 0 = -1041. What are the prime factors of b?
347
Let r = -201 + 113. Let b = r - -235. List the prime factors of b.
3, 7
Let r = 33 - 206. Let x = 276 + r. List the prime factors of x.
103
Let g(p) be the second derivative of -p**3/6 + 4*p**2 - p. Let h = -141 + 130. List the prime factors of g(h).
19
Suppose -3*u + 5082 - 2136 = 0. What are the prime factors of u?
2, 491
Let t be (4/(-6))/((-4)/30). Let m(s) = 5*s - 8. Let w be m(t). Suppose -3*g - 4*h = -3 - w, -h - 41 = -5*g. List the prime factors of g.
2
Suppose 4*p - 3386 = 10630. What are the prime factors of p?
2, 3, 73
Suppose 5*f - 3*f - c - 334 = 0, 5*f = c + 832. Let a = 282 - f. List the prime factors of a.
2, 29
Let x(w) = 14*w**3 - w**2 - w + 1. Let y be x(1). What are the prime factors of (-2*y)/((-1)/2)?
2, 13
Let t = 315 + 294. What are the prime factors of t?
3, 7, 29
Suppose -o = -2*d - 19, 0 = -4*d - d - 5*o - 85. Let v = 21 + d. What are the prime factors of -52*v/12*-1?
3, 13
Suppose -4 = 3*s + 2. Let m be (2/4)/((-1)/26). What are the prime factors of (2/s)/(1/m)?
13
Let l(u) = -6*u**3 + 3*u + 4. Let t(c) = c + 7. Let q = 29 - 38. Let b be t(q). What are the prime factors of l(b)?
2, 23
Suppose 0*i = 3*i - 18. Let h(y) = y**3 - 7*y**2 + 8*y + 2. What are the prime factors of h(i)?
2, 7
Suppose 0 = 19*g - 24*g + 1850. Suppose 12*t - 314 - g = 0. List the prime factors of t.
3, 19
Suppose 42*y - 3465 = -3*y. What are the prime factors of y?
7, 11
Let r(m) = m**3 + 7*m**2 + 10*m + 7. Let s(i) = i**2 - 10*i + 15. Let k be s(7). Let t be r(k). Let f = 20 + t. What are the prime factors of f?
3
Suppose 3*b - 43 = 23. Let r = -10 + 12. Suppose r*v - 4 = b. List the prime factors of v.
13
Suppose 7*v + 477 = 148. Let a = v - -113. List the prime factors of a.
2, 3, 11
Let d(m) = m**3 - 3*m**2. Let l be d(3). Suppose 5*i = -3*w + 1050, 4*w + 659 = -l*i + 3*i. What are the prime factors of i?
3, 71
Let v(l) = -8*l - 3. Let d be v(-1). Suppose 0*x - 4*x - 72 = 2*z, -d*z = 5*x + 180. Let p = -25 - z. What are the prime factors of p?
11
Let n(c) = -5*c - 21. Suppose 22 = -3*v + 5*x, -v + 5*x + 0 - 4 = 0. Let d be n(v). Let q = 83 - d. What are the prime factors of q?
59
Let k(y) = -y**3 - 29*y**2 + 18*y - 19. List the prime factors of k(-30).
11, 31
Let j = -8 + 82. Suppose -2*h - j = -3*h. Suppose -2*k + v + h = 0, 2*k + 2*k + v = 136. List the prime factors of k.
5, 7
Suppose 4*r + 341 + 62 = l, r = -1. List the prime factors of l.
3, 7, 19
Suppose 16 = -4*d + 5*v, -v + 16 = 3*d - 7*d. Suppose 0 = -2*a - 4*q + 32, a + 4*q + 0 = 24. List the prime factors of (-3 + 3 - a)*d.
2
Let v(b) = -b**2 - 2*b - 30. Let z(w) = 3*w**2 + 6*w + 89. Let t(h) = 8*v(h) + 3*z(h). List the prime factors of t(9).
2, 3, 7
Let w(u) = -9*u + 4*u + 15 - u**2 - 7*u + 0*u**2. Let i(s) = s**3 - 11. Let g be i(0). List the prime factors of w(g).
2, 13
Suppose i - 20 = -5*w + 3, -4*i + w = -155. Let z be 1 + -7 + 3 + -1. What are the prime factors of (-1 + -1)/(z/i)?
19
Let y = 24 - 23. What are the prime factors of ((-4)/(-12))/(y/225)?
3, 5
Let q(a) be the third derivative of 2*a**4/3 - a**3/3 - 12*a**2. List the prime factors of q(3).
2, 23
Let t = 2681 + -1339. What are the prime factors of t?
2, 11, 61
Let r = -5 - -8. Suppose 5*b - 4*d - 23 = 0, -2*b + 3 = 2*d + 1. Suppose u + k = -2*k + 21, -87 = -r*u - b*k. List the prime factors of u.
3, 11
Let t(n) = 8*n**2 + 8*n + 132. List the prime factors of t(-9).
2, 3, 59
Suppose -261 = -5*n + 149. Suppose -4*y - u = -6, 2*u = -2 - 2. Suppose -z = -y*j + 74, j + j + 3*z = n. List the prime factors of j.
2, 19
Suppose -2*p - 3*m + 2370 = 2*m, 0 = 3*p - 3*m - 3597. List the prime factors of p.
5, 239
Suppose -5*n + 6 = -3*n. Suppose 4*l - 3*q = 2*l + 51, -n*l = 5*q - 29. Let t = l - -11. What are the prime factors of t?
29
Let v(q) = q**2 - 3*q - 1. Let r be v(5). Suppose 15 = -2*f - 5*s, 4*s + r = f + s. Suppose 4*w - w - 66 = f. What are the prime factors of w?
2, 11
Let a(b) = 3*b - 30. Let v be a(13). Let s = 0 - 1. Let u = s + v. List the prime factors of u.
2
Suppose -3*w - 395 = -b + 38, 4*b - 1765 = w. List the prime factors of b.
2, 13, 17
What are the prime factors of 5*((-19794)/(-30) - 4)?
3, 1093
Let i(g) = -g**3 + 2*g**2 + 2*g + 3. Let l be 6/(-1)*(-10)/15. Let d(j) = -j**2 + 5*j - 6. Let b be d(l). List the prime factors of i(b).
3, 5
Suppose -4*m = -2*h + 8, -5*h + 2*m = -0*m - 28. Let o(n) be the third derivative of n**5/60 - 5*n**4/24 + n**3 - 3*n**2. What are the prime factors of o(h)?
2, 3
Suppose -2*y = 3*z + 130, z - 4*z - 142 = -y. Let m = -32 - z. What are the prime factors of (-4)/14 - (-228)/m?
2
Suppose 4*j = -0*j + 2964. Suppose 1500 = 9*k - j. What are the prime factors of k?
3, 83
Let n(u) = -17*u - 4 + 3 + u**2 + 5. Let r(z) = 5*z + 3. Let m be r(3). List the prime factors of n(m).
2, 11
Let i = -19 - -21. Let b(p) = 3*p**3 - 4*p**2 + 5*p - 5. Let j be b(i). Suppose 48 + j = u. What are the prime factors of u?
61
Let b(p) = -29*p - 5. Let a(k) = -28*k - 6. Let w(r) = 4*a(r) - 5*b(r). Suppose 4*f + 2*d - 12 = 0, -3*d = f + d - 17. What are the prime factors of w(f)?
2, 17
Let y be (-1)/((-4)/16 - 0). Suppose -2 = w - y. Suppose w*g - 5*g = -69. List the prime factors of g.
23
Let q(a) = 5*a**2 + 3*a - 2. Let m be q(-4). Let k = m + 39. Suppose -4*j = j - k. What are the prime factors of j?
3, 7
Suppose 4*c = -3*y - 1293 + 4098, 0 = -4*y - 3*c + 3733. List the prime factors of y.
7, 19
Let y = 83 + -80. Suppose -3*f - y*f + 834 = 0. What are the prime factors of f?
139
Let c be (-8)/(-6) - 612/(-27). List the prime factors of (-4 - (1 + -5)) + c.
2, 3
Let l be 3694/7 + (-8)/(-28). Let y = l - 285. List the prime factors of y.
3
Suppose 0 = 2*z - z - 2772. List the prime factors of z.
2, 3, 7, 11
Let z = 9 + -7. What are the prime factors of (28/(-8))/(z*3/(-108))?
3, 7
Suppose -28*d = 81*d - 401011. What are the prime factors of d?
13, 283
Let y(m) be the third derivative of -m**4/12 - 11*m**3/6 - 2*m**2. Let q be y(-7). What are the prime factors of (-1)/(-1)*(q - -14)?
17
Let b be 7/28 - (-19)/4. Suppose b*i = 4*d + i - 268, -2*i + 6 = 0. What are the prime factors of d?
2, 5, 7
Suppose 17*t = -38*t + 18920. What are the prime factors of t?
2, 43
Suppose -2*z - 12 = -16. Suppose 2*t - z*d = -4*d + 162, -2*t = d - 159. List the prime factors of t.
2, 3, 13
Suppose -56 = -h - 3*q, 4*h - 2*h - 2*q - 104 = 0. List the prime factors of h.
53
Suppose -6 = 4*b - b. Let i(n) = -5*n**3 - 3*n - 3. Let w be i(b). Let m = 4 + w. What are the prime factors of m?
47
Suppose 8*t - 109 = 3*t + 4*x, -5*t = x - 129. Suppose -5*v = -5*h + t, -h = 2*v - 5*v - 3. Suppose 28 = -4*w + h*w. What are the prime factors of w?
2, 7
Let o be (-6)/(-3) + 0 + 1. Let y be -1 + (o - (1 - -53)). What are the prime factors of 2/(((-8)/y)/2)?
2, 13
Let q(b) = 115*b**2 - 19*b - 6. What are the prime factors of q(6)?
2, 3, 5, 67
Let s = -175 - -377. Suppose -5*f + 68 = -s. List the prime factors of f.
2, 3
Let d(c) be the first derivative of 2*c**3/3 - 3*c**2/2 + c - 14. Suppose 2*b + 2*b - 12 = 0. List the prime factors of d(b).
2, 5
Suppose -c + 167 + 147 = 0. Let t = -224 + c. List the prime factors of t.
2, 3, 5
Let j(s) = -2*s**3 + 3*s**2 + 3*s + 1. Let z = 13 - 10. Let p be j(z). Let w(u) = u**3 + 18*u**2 + 14*u - 23. List the prime factors of w(p).
2, 7
Let d(r) be the second derivative of r**4/12 - r**3/6 + 37*r**2/2 + 2*r. List the prime factors of d(0).
37
Let f(y) = -y**3 + 19*y**2 - 13*y + 2. Let w be f(14). Suppose 2*r = -3*r + w. What are the prime factors of r?
2, 5
Supp